{"id":3715,"date":"2023-09-22T10:45:10","date_gmt":"2023-09-22T15:45:10","guid":{"rendered":"https:\/\/pedagogicovirgendelanatividad.edu.pe\/portal\/?page_id=3715"},"modified":"2024-10-22T09:06:58","modified_gmt":"2024-10-22T14:06:58","slug":"soporte-medico","status":"publish","type":"page","link":"https:\/\/pedagogicovirgendelanatividad.edu.pe\/portal\/soporte-medico\/","title":{"rendered":"Soporte M\u00e9dico"},"content":{"rendered":"\t\t<div data-elementor-type=\"wp-page\" data-elementor-id=\"3715\" class=\"elementor elementor-3715\">\n\t\t\t\t\t\t<section class=\"elementor-section elementor-top-section elementor-element elementor-element-640fe48 elementor-section-boxed elementor-section-height-default elementor-section-height-default\" data-id=\"640fe48\" data-element_type=\"section\">\n\t\t\t\t\t\t<div class=\"elementor-container elementor-column-gap-default\">\n\t\t\t\t\t<div class=\"elementor-column elementor-col-100 elementor-top-column elementor-element elementor-element-9ad06c1\" data-id=\"9ad06c1\" data-element_type=\"column\">\n\t\t\t<div class=\"elementor-widget-wrap elementor-element-populated\">\n\t\t\t\t\t\t<div class=\"elementor-element elementor-element-ae0f618 elementor-tabs-view-horizontal elementor-widget elementor-widget-tabs\" data-id=\"ae0f618\" data-element_type=\"widget\" data-widget_type=\"tabs.default\">\n\t\t\t\t<div class=\"elementor-widget-container\">\n\t\t\t\t\t\t\t<div class=\"elementor-tabs\">\n\t\t\t<div class=\"elementor-tabs-wrapper\" role=\"tablist\" >\n\t\t\t\t\t\t\t\t\t<div id=\"elementor-tab-title-1821\" class=\"elementor-tab-title elementor-tab-desktop-title\" aria-selected=\"true\" data-tab=\"1\" role=\"tab\" tabindex=\"0\" aria-controls=\"elementor-tab-content-1821\" aria-expanded=\"false\">Contacto<\/div>\n\t\t\t\t\t\t\t\t\t<div id=\"elementor-tab-title-1822\" class=\"elementor-tab-title elementor-tab-desktop-title\" aria-selected=\"false\" data-tab=\"2\" role=\"tab\" tabindex=\"-1\" aria-controls=\"elementor-tab-content-1822\" aria-expanded=\"false\">Presentaci\u00f3n<\/div>\n\t\t\t\t\t\t\t\t\t<div id=\"elementor-tab-title-1823\" class=\"elementor-tab-title elementor-tab-desktop-title\" aria-selected=\"false\" data-tab=\"3\" role=\"tab\" tabindex=\"-1\" aria-controls=\"elementor-tab-content-1823\" aria-expanded=\"false\">Talleres<\/div>\n\t\t\t\t\t\t\t\t\t<div id=\"elementor-tab-title-1824\" class=\"elementor-tab-title elementor-tab-desktop-title\" aria-selected=\"false\" data-tab=\"4\" role=\"tab\" tabindex=\"-1\" aria-controls=\"elementor-tab-content-1824\" aria-expanded=\"false\">Panel Fotografico<\/div>\n\t\t\t\t\t\t\t\t\t<div id=\"elementor-tab-title-1825\" class=\"elementor-tab-title elementor-tab-desktop-title\" aria-selected=\"false\" data-tab=\"5\" role=\"tab\" tabindex=\"-1\" aria-controls=\"elementor-tab-content-1825\" aria-expanded=\"false\">Material de Apoyo<\/div>\n\t\t\t\t\t\t\t<\/div>\n\t\t\t<div class=\"elementor-tabs-content-wrapper\" role=\"tablist\" aria-orientation=\"vertical\">\n\t\t\t\t\t\t\t\t\t<div class=\"elementor-tab-title elementor-tab-mobile-title\" aria-selected=\"true\" data-tab=\"1\" role=\"tab\" tabindex=\"0\" aria-controls=\"elementor-tab-content-1821\" aria-expanded=\"false\">Contacto<\/div>\n\t\t\t\t\t<div id=\"elementor-tab-content-1821\" class=\"elementor-tab-content elementor-clearfix\" data-tab=\"1\" role=\"tabpanel\" aria-labelledby=\"elementor-tab-title-1821\" tabindex=\"0\" hidden=\"false\"><ul><li><h4>Tec. Reyna Ayza Coronel\u00a0<\/h4><\/li><li><h4>Cel:\u00a0956 925 050<\/h4><\/li><li><h4>Correo: rayza@pedagogicovirgendelanativida<\/h4><\/li><\/ul><\/div>\n\t\t\t\t\t\t\t\t\t<div class=\"elementor-tab-title elementor-tab-mobile-title\" aria-selected=\"false\" data-tab=\"2\" role=\"tab\" tabindex=\"-1\" aria-controls=\"elementor-tab-content-1822\" aria-expanded=\"false\">Presentaci\u00f3n<\/div>\n\t\t\t\t\t<div id=\"elementor-tab-content-1822\" class=\"elementor-tab-content elementor-clearfix\" data-tab=\"2\" role=\"tabpanel\" aria-labelledby=\"elementor-tab-title-1822\" tabindex=\"0\" hidden=\"hidden\"><p class=\"has-text-align-center\"><strong>SOPORTE MEDICO DEL I.E.S.P.P. \u201cVIRGEN DE LA NATIVIDAD\u201d &#8211; PARURO<\/strong><\/p><p class=\"has-text-align-left\">El presente servicio de soporte medico se desarrolla el t\u00f3pico de enfermer\u00eda del IESPP \u201cVirgen de la Natividad\u201d; el cual busca el fortalecimiento f\u00edsico, mental y social de toda la comunidad educativa.<br \/>Esto a trav\u00e9s del desarrollo de programas de salud p\u00fablica, dirigido a los estudiantes, docentes, personal directivo y administrativo. Con el fin de propiciar el desarrollo f\u00edsico, integral y familiar, desarrollando actividades que contribuyan al mejoramiento del bienestar de la comunidad educativa.<\/p><p><strong>Del servicio de soporte m\u00e9dico:<\/strong><\/p><ul class=\"wp-block-list\"><li>Realizar atenci\u00f3n primaria y primeros auxilios, a los integrantes de la<br \/>Instituci\u00f3n de Educaci\u00f3n Superior Pedag\u00f3gico P\u00fablico \u201cVirgen de la Natividad\u201d, caso de enfermedad o accidente.<\/li><li>Remitir a los pacientes que lo requieran a los servicios m\u00e9dicos de su respectiva entidad promotora de salud y\/o seguro.<\/li><li>Remitir el formato de reporte de emergencias m\u00e9dicas.<\/li><\/ul><\/div>\n\t\t\t\t\t\t\t\t\t<div class=\"elementor-tab-title elementor-tab-mobile-title\" aria-selected=\"false\" data-tab=\"3\" role=\"tab\" tabindex=\"-1\" aria-controls=\"elementor-tab-content-1823\" aria-expanded=\"false\">Talleres<\/div>\n\t\t\t\t\t<div id=\"elementor-tab-content-1823\" class=\"elementor-tab-content elementor-clearfix\" data-tab=\"3\" role=\"tabpanel\" aria-labelledby=\"elementor-tab-title-1823\" tabindex=\"0\" hidden=\"hidden\">Contenido de la pesta\u00f1a<\/div>\n\t\t\t\t\t\t\t\t\t<div class=\"elementor-tab-title elementor-tab-mobile-title\" aria-selected=\"false\" data-tab=\"4\" role=\"tab\" tabindex=\"-1\" aria-controls=\"elementor-tab-content-1824\" aria-expanded=\"false\">Panel Fotografico<\/div>\n\t\t\t\t\t<div id=\"elementor-tab-content-1824\" class=\"elementor-tab-content elementor-clearfix\" data-tab=\"4\" role=\"tabpanel\" aria-labelledby=\"elementor-tab-title-1824\" tabindex=\"0\" hidden=\"hidden\"><p><img fetchpriority=\"high\" decoding=\"async\" class=\"aligncenter size-large wp-image-4419\" src=\"https:\/\/pedagogicovirgendelanatividad.edu.pe\/portal\/wp-content\/uploads\/2024\/09\/WhatsApp-Image-2024-09-26-at-11.07.13-AM-1024x768.jpeg\" alt=\"\" width=\"1024\" height=\"768\" srcset=\"https:\/\/pedagogicovirgendelanatividad.edu.pe\/portal\/wp-content\/uploads\/2024\/09\/WhatsApp-Image-2024-09-26-at-11.07.13-AM-1024x768.jpeg 1024w, https:\/\/pedagogicovirgendelanatividad.edu.pe\/portal\/wp-content\/uploads\/2024\/09\/WhatsApp-Image-2024-09-26-at-11.07.13-AM-300x225.jpeg 300w, https:\/\/pedagogicovirgendelanatividad.edu.pe\/portal\/wp-content\/uploads\/2024\/09\/WhatsApp-Image-2024-09-26-at-11.07.13-AM-768x576.jpeg 768w, https:\/\/pedagogicovirgendelanatividad.edu.pe\/portal\/wp-content\/uploads\/2024\/09\/WhatsApp-Image-2024-09-26-at-11.07.13-AM-1536x1152.jpeg 1536w, https:\/\/pedagogicovirgendelanatividad.edu.pe\/portal\/wp-content\/uploads\/2024\/09\/WhatsApp-Image-2024-09-26-at-11.07.13-AM-100x75.jpeg 100w, https:\/\/pedagogicovirgendelanatividad.edu.pe\/portal\/wp-content\/uploads\/2024\/09\/WhatsApp-Image-2024-09-26-at-11.07.13-AM.jpeg 1600w\" sizes=\"(max-width: 1024px) 100vw, 1024px\" \/><img fetchpriority=\"high\" decoding=\"async\" class=\"aligncenter size-large wp-image-4419\" src=\"https:\/\/pedagogicovirgendelanatividad.edu.pe\/portal\/wp-content\/uploads\/2024\/09\/WhatsApp-Image-2024-09-26-at-11.07.13-AM-1024x768.jpeg\" alt=\"\" width=\"1024\" height=\"768\" srcset=\"https:\/\/pedagogicovirgendelanatividad.edu.pe\/portal\/wp-content\/uploads\/2024\/09\/WhatsApp-Image-2024-09-26-at-11.07.13-AM-1024x768.jpeg 1024w, https:\/\/pedagogicovirgendelanatividad.edu.pe\/portal\/wp-content\/uploads\/2024\/09\/WhatsApp-Image-2024-09-26-at-11.07.13-AM-300x225.jpeg 300w, https:\/\/pedagogicovirgendelanatividad.edu.pe\/portal\/wp-content\/uploads\/2024\/09\/WhatsApp-Image-2024-09-26-at-11.07.13-AM-768x576.jpeg 768w, https:\/\/pedagogicovirgendelanatividad.edu.pe\/portal\/wp-content\/uploads\/2024\/09\/WhatsApp-Image-2024-09-26-at-11.07.13-AM-1536x1152.jpeg 1536w, https:\/\/pedagogicovirgendelanatividad.edu.pe\/portal\/wp-content\/uploads\/2024\/09\/WhatsApp-Image-2024-09-26-at-11.07.13-AM-100x75.jpeg 100w, https:\/\/pedagogicovirgendelanatividad.edu.pe\/portal\/wp-content\/uploads\/2024\/09\/WhatsApp-Image-2024-09-26-at-11.07.13-AM.jpeg 1600w\" sizes=\"(max-width: 1024px) 100vw, 1024px\" \/> <img decoding=\"async\" class=\"aligncenter size-large wp-image-4420\" src=\"https:\/\/pedagogicovirgendelanatividad.edu.pe\/portal\/wp-content\/uploads\/2024\/09\/WhatsApp-Image-2024-09-26-at-11.07.55-AM-1024x771.jpeg\" alt=\"\" width=\"1024\" height=\"771\" srcset=\"https:\/\/pedagogicovirgendelanatividad.edu.pe\/portal\/wp-content\/uploads\/2024\/09\/WhatsApp-Image-2024-09-26-at-11.07.55-AM-1024x771.jpeg 1024w, https:\/\/pedagogicovirgendelanatividad.edu.pe\/portal\/wp-content\/uploads\/2024\/09\/WhatsApp-Image-2024-09-26-at-11.07.55-AM-300x226.jpeg 300w, https:\/\/pedagogicovirgendelanatividad.edu.pe\/portal\/wp-content\/uploads\/2024\/09\/WhatsApp-Image-2024-09-26-at-11.07.55-AM-768x578.jpeg 768w, https:\/\/pedagogicovirgendelanatividad.edu.pe\/portal\/wp-content\/uploads\/2024\/09\/WhatsApp-Image-2024-09-26-at-11.07.55-AM-1536x1156.jpeg 1536w, https:\/\/pedagogicovirgendelanatividad.edu.pe\/portal\/wp-content\/uploads\/2024\/09\/WhatsApp-Image-2024-09-26-at-11.07.55-AM-100x75.jpeg 100w, https:\/\/pedagogicovirgendelanatividad.edu.pe\/portal\/wp-content\/uploads\/2024\/09\/WhatsApp-Image-2024-09-26-at-11.07.55-AM.jpeg 1600w\" sizes=\"(max-width: 1024px) 100vw, 1024px\" \/><img decoding=\"async\" class=\"aligncenter size-large wp-image-4418\" src=\"https:\/\/pedagogicovirgendelanatividad.edu.pe\/portal\/wp-content\/uploads\/2024\/09\/WhatsApp-Image-2024-09-26-at-11.06.36-AM-1024x768.jpeg\" alt=\"\" width=\"1024\" height=\"768\" srcset=\"https:\/\/pedagogicovirgendelanatividad.edu.pe\/portal\/wp-content\/uploads\/2024\/09\/WhatsApp-Image-2024-09-26-at-11.06.36-AM-1024x768.jpeg 1024w, https:\/\/pedagogicovirgendelanatividad.edu.pe\/portal\/wp-content\/uploads\/2024\/09\/WhatsApp-Image-2024-09-26-at-11.06.36-AM-300x225.jpeg 300w, https:\/\/pedagogicovirgendelanatividad.edu.pe\/portal\/wp-content\/uploads\/2024\/09\/WhatsApp-Image-2024-09-26-at-11.06.36-AM-768x576.jpeg 768w, https:\/\/pedagogicovirgendelanatividad.edu.pe\/portal\/wp-content\/uploads\/2024\/09\/WhatsApp-Image-2024-09-26-at-11.06.36-AM-1536x1152.jpeg 1536w, https:\/\/pedagogicovirgendelanatividad.edu.pe\/portal\/wp-content\/uploads\/2024\/09\/WhatsApp-Image-2024-09-26-at-11.06.36-AM-100x75.jpeg 100w, https:\/\/pedagogicovirgendelanatividad.edu.pe\/portal\/wp-content\/uploads\/2024\/09\/WhatsApp-Image-2024-09-26-at-11.06.36-AM.jpeg 1600w\" sizes=\"(max-width: 1024px) 100vw, 1024px\" \/><\/p><\/div>\n\t\t\t\t\t\t\t\t\t<div class=\"elementor-tab-title elementor-tab-mobile-title\" aria-selected=\"false\" data-tab=\"5\" role=\"tab\" tabindex=\"-1\" aria-controls=\"elementor-tab-content-1825\" aria-expanded=\"false\">Material de Apoyo<\/div>\n\t\t\t\t\t<div id=\"elementor-tab-content-1825\" class=\"elementor-tab-content elementor-clearfix\" data-tab=\"5\" role=\"tabpanel\" aria-labelledby=\"elementor-tab-title-1825\" tabindex=\"0\" hidden=\"hidden\"><iframe style=\"border: 0px #ffffff none;\" src=\"https:\/\/pedagogicovirgendelanatividad.edu.pe\/portal\/wp-content\/uploads\/2024\/09\/manual_02-03-2023-223621_compressed_compressed.pdf\" name=\"myiFrame\" width=\"500px\" height=\"350px\" frameborder=\"1\" marginwidth=\"0px\" marginheight=\"0px\" scrolling=\"no\" allowfullscreen=\"allowfullscreen\"><\/iframe>\n\n<iframe style=\"border: 0px #ffffff none;\" src=\"https:\/\/pedagogicovirgendelanatividad.edu.pe\/portal\/wp-content\/uploads\/2024\/09\/triptico-de-salud-bucal.pdf\" name=\"myiFrame\" width=\"500px\" height=\"350px\" frameborder=\"1\" marginwidth=\"0px\" marginheight=\"0px\" scrolling=\"no\" allowfullscreen=\"allowfullscreen\"><\/iframe>\n\n<iframe style=\"border: 0px #ffffff none;\" src=\"https:\/\/pedagogicovirgendelanatividad.edu.pe\/portal\/wp-content\/uploads\/2024\/10\/PROTOCOLO-DE-SUPERVISION-ALIMIENTARIA-1.pdf\" name=\"myiFrame\" width=\"500px\" height=\"350px\" frameborder=\"1\" marginwidth=\"0px\" marginheight=\"0px\" scrolling=\"no\" allowfullscreen=\"allowfullscreen\"><\/iframe><\/div>\n\t\t\t\t\t\t\t<\/div>\n\t\t<\/div>\n\t\t\t\t\t\t<\/div>\n\t\t\t\t<\/div>\n\t\t\t\t\t<\/div>\n\t\t<\/div>\n\t\t\t\t\t<\/div>\n\t\t<\/section>\n\t\t\t\t<\/div>\n\t\t","protected":false},"excerpt":{"rendered":"<p class=\"tx-excerpt\">Contacto Presentaci\u00f3n Talleres Panel Fotografico Material de Apoyo Contacto Tec. Reyna Ayza Coronel\u00a0 Cel:\u00a0956 925 050 Correo: rayza@pedagogicovirgendelanativida Presentaci\u00f3n SOPORTE MEDICO DEL I.E.S.P.P.<div class=\"tx-read-more\"><a href=\"https:\/\/pedagogicovirgendelanatividad.edu.pe\/portal\/soporte-medico\/\">Seguir Leyendo<\/a><\/div>","protected":false},"author":1,"featured_media":0,"parent":0,"menu_order":0,"comment_status":"closed","ping_status":"closed","template":"","meta":{"footnotes":""},"class_list":["post-3715","page","type-page","status-publish","hentry"],"_links":{"self":[{"href":"https:\/\/pedagogicovirgendelanatividad.edu.pe\/portal\/wp-json\/wp\/v2\/pages\/3715","targetHints":{"allow":["GET"]}}],"collection":[{"href":"https:\/\/pedagogicovirgendelanatividad.edu.pe\/portal\/wp-json\/wp\/v2\/pages"}],"about":[{"href":"https:\/\/pedagogicovirgendelanatividad.edu.pe\/portal\/wp-json\/wp\/v2\/types\/page"}],"author":[{"embeddable":true,"href":"https:\/\/pedagogicovirgendelanatividad.edu.pe\/portal\/wp-json\/wp\/v2\/users\/1"}],"replies":[{"embeddable":true,"href":"https:\/\/pedagogicovirgendelanatividad.edu.pe\/portal\/wp-json\/wp\/v2\/comments?post=3715"}],"version-history":[{"count":13,"href":"https:\/\/pedagogicovirgendelanatividad.edu.pe\/portal\/wp-json\/wp\/v2\/pages\/3715\/revisions"}],"predecessor-version":[{"id":4488,"href":"https:\/\/pedagogicovirgendelanatividad.edu.pe\/portal\/wp-json\/wp\/v2\/pages\/3715\/revisions\/4488"}],"wp:attachment":[{"href":"https:\/\/pedagogicovirgendelanatividad.edu.pe\/portal\/wp-json\/wp\/v2\/media?parent=3715"}],"curies":[{"name":"wp","href":"https:\/\/api.w.org\/{rel}","templated":true}]}}